1 + 10000100?
1110011
In base 14, what is -4 + -d?
-13
In base 2, what is 0 - 1000100?
-1000100
In base 12, what is 778 - -2?
77a
In base 5, what is 0 + -10210?
-10210
In base 7, what is 264 - -6?
303
In base 10, what is 11 + 156?
167
In base 2, what is 100101110 + -11?
100101011
In base 3, what is -21102 + -1022?
-22201
In base 15, what is -4 + 631?
62c
In base 14, what is -d + a0?
91
In base 9, what is -380 - -7?
-372
In base 6, what is 5 - -41?
50
In base 16, what is 5 + -1cad?
-1ca8
In base 15, what is -22 + 11?
-11
In base 14, what is -5 - 49?
-50
In base 3, what is -10 + 221200?
221120
In base 7, what is 1215 - -2?
1220
In base 9, what is -120 + 5?
-114
In base 11, what is -122 + 32?
-a0
In base 15, what is -5 + 50?
4a
In base 10, what is 22 - -5?
27
In base 4, what is 20101 + 33?
20200
In base 6, what is 20 + 111?
131
In base 12, what is -3 + -49?
-50
In base 14, what is 3 + -29?
-26
In base 12, what is -3 - 186?
-189
In base 4, what is -30003 + -3?
-30012
In base 2, what is 100 + -10011001000?
-10011000100
In base 11, what is -5037 + 0?
-5037
In base 11, what is 2 + -39?
-37
In base 4, what is 11 + -1103?
-1032
In base 4, what is 21 - -120?
201
In base 11, what is 7469 + -3?
7466
In base 8, what is -15 + -163?
-200
In base 5, what is 322 + 44?
421
In base 7, what is 2445 - -14?
2462
In base 5, what is 2034 - -14?
2103
In base 8, what is -5050 + 5?
-5043
In base 5, what is 0 + -102?
-102
In base 13, what is 4b - 41?
a
In base 15, what is 1a94 + 0?
1a94
In base 12, what is 36 - -29?
63
In base 14, what is -894 + -3?
-897
In base 3, what is -2 - 20112?
-20121
In base 7, what is 5 + 640?
645
In base 10, what is 2574 + -5?
2569
In base 16, what is -d9 + -1?
-da
In base 5, what is 4424 - -1?
4430
In base 3, what is 222201 + 121?
1000022
In base 16, what is -32 + 12?
-20
In base 6, what is 1 + -432?
-431
In base 12, what is -4 - 104a?
-1052
In base 9, what is -227 - 77?
-315
In base 6, what is 3 - 0?
3
In base 2, what is -1011 - -1?
-1010
In base 13, what is 3 + -61?
-5b
In base 4, what is -22 + -111?
-133
In base 14, what is -158 - 2?
-15a
In base 5, what is 2 - -1413?
1420
In base 2, what is -1 - -1100111?
1100110
In base 6, what is 5 - -1525?
1534
In base 4, what is -10 + 133?
123
In base 16, what is -17b - -3?
-178
In base 11, what is -8572 - 0?
-8572
In base 16, what is -167 - 4?
-16b
In base 15, what is 1 + -47?
-46
In base 10, what is -199 - -29?
-170
In base 11, what is -61 - 17?
-78
In base 9, what is 15 + 14?
30
In base 13, what is -2 - -5b?
59
In base 14, what is 2 - -58?
5a
In base 4, what is 11 - 32002?
-31331
In base 11, what is 6 - -1a8?
203
In base 14, what is 3 - c?
-9
In base 7, what is -13 - 2646?
-2662
In base 5, what is 23312 + 4?
23321
In base 9, what is -10 + 56?
46
In base 3, what is 1101 - -11?
1112
In base 8, what is -2 + -42?
-44
In base 3, what is -10 - -12010?
12000
In base 8, what is -615 + -5?
-622
In base 15, what is -3 - -13?
10
In base 2, what is -11101100 + -1?
-11101101
In base 7, what is 1 - 1512?
-1511
In base 14, what is 36 + 24?
5a
In base 14, what is -123 + -1?
-124
In base 8, what is -2 - 4?
-6
In base 13, what is -5 - -7c?
77
In base 12, what is 16b4 + 2?
16b6
In base 14, what is -28 + -7?
-31
In base 9, what is -26 + 41?
14
In base 9, what is -5 - -64?
58
In base 6, what is -140502 - 2?
-140504
In base 8, what is 34 + -4?
30
In base 3, what is 21 + -11212?
-11121
In base 13, what is 46 + -b?
38
In base 4, what is -3 + 131032?
131023
In base 5, what is 4 + 14030?
14034
In base 12, what is -70 + 35?
-37
In base 10, what is 4 + 39?
43
In base 8, what is 2133 + -5?
2126
In base 14, what is -74 + -2?
-76
In base 11, what is -1 - 3a27?
-3a28
In base 3, what is 0 - 11?
-11
In base 7, what is 3 + 2330?
2333
In base 8, what is -1 + -430?
-431
In base 6, what is 3 + 1?
4
In base 5, what is 2330 - -2?
2332
In base 12, what is 366 - 0?
366
In base 11, what is -624 + -3?
-627
In base 11, what is 0 - -9a5?
9a5
In base 14, what is 8 - -209?
213
In base 3, what is -12020 - 1?
-12021
In base 5, what is 3 + -400?
-342
In base 7, what is 1214 - -1?
1215
In base 11, what is 89 + 5?
93
In base 13, what is 1686 - -1?
1687
In base 3, what is -12 - -10102?
10020
In base 6, what is -3 - 513?
-520
In base 9, what is 13 - -1?
14
In base 11, what is 4 + 35?
39
In base 2, what is -10100101 + 10?
-10100011
In base 3, what is 120002 + -110?
112122
In base 12, what is 19b66 + 3?
19b69
In base 10, what is -2 + 50?
48
In base 6, what is 5001 + 2?
5003
In base 10, what is -49 + -1?
-50
In base 4, what is 102233 - 100?
102133
In base 2, what is 1001000 + -11?
1000101
In base 3, what is -21 + 1011012?
1010221
In base 12, what is 4 + a5?
a9
In base 16, what is -3 - 2a?
-2d
In base 14, what is 56 + 8?
60
In base 9, what is 103 - 552?
-448
In base 7, what is -20 + -11?
-31
In base 6, what is -2 + 1?
-1
In base 9, what is -3 - -42?
38
In base 4, what is -112213 - 2?
-112221
In base 15, what is -1ea - 0?
-1ea
In base 14, what is 14 + -3a0?
-38a
In base 7, what is -403 - 1?
-404
In base 12, what is 8 + -652?
-646
In base 9, what is -7 + -65?
-73
In base 4, what is 203 + -23?
120
In base 8, what is -3405 + -3?
-3410
In base 12, what is 5 + -10b8?
-10b3
In base 13, what is -17ab + -5?
-17b3
In base 2, what is -1001 + 100101111110?
100101110101
In base 14, what is -17d - -4?
-179
In base 3, what is -222012 + 201?
-221111
In base 8, what is -45356 - 3?
-45361
In base 16, what is -164 - -c?
-158
In base 10, what is -60 - 232?
-292
In base 7, what is 6 + -12?
-3
In base 5, what is 213332 - -3?
213340
In base 14, what is 80a + a?
816
In base 5, what is -131 - -1411?
1230
In base 9, what is -5 - 757?
-763
In base 5, what is 11042 - -11?
11103
In base 13, what is b - 156?
-148
In base 5, what is 3 - 10034?
-10031
In base 15, what is bd - -2?
c0
In base 3, what is -220 + 110?
-110
In base 16, what is 5 + -36?
-31
In base 13, what is -2c5 - 4?
-2c9
In base 3, what is -200211 + -2?
-200220
In base 2, what is -1 - 11100001101?
-11100001110
In base 13, what is -12 + 8?
-7
In base 11, what is -4 - -24?
20
In base 3, what is -11 + 2020211?
2020200
In base 16, what is -1 - 7?
-8
In base 6, what is 1 + 150?
151
In base 11, what is -5 - -56?
51
In base 11, what is -2 + 56?
54
In base 10, what is 565 + 1?
566
In base 4, what is -312 + 0?
-312
In base 11, what is -3 - -478?
475
In base 11, what is 4 + 3877?
3880
In base 8, what is -247 + 122?
-125
In base 8, what is -471 + 53?
-416
In base 14, what is 45 + 104?
149
In base 4, what is 2 + -112?
-110
In base 15, what is -6 - 2a?
-31
In base 8, what is 16 - 1?
15
In base 12, what is 67 - 13?
54
In base 14, what is -a - b9?
-c5
In base 7, what is 4155 - -4?
4162
In base 9, what is 1 + -720?
-718
In base 10, what is -57 + 14?
-43
In base 11, what is 10 - -32?
42
In base 11, what is -4960 - 4?
-4964
In base 4, what is 11 - -3330?
10001
In base 9, what is -113 + 3?
-110
In base 12, what is -4308 + -2?
-430a
In base 6, what is -2 - 1312?
-1314
In base 6, what is -22 - 2?
-24
In base 6, what is 23033 + 4?
23041
In base 4, what is 20001 - -10?
20011
In base 3, what is 112 + 1121?
2010
In base 8, what is -653 - -4?
-647
In base 7, what is 4 - 1523?
-1516
In base 7, what is -1601 + 4?
-1564
In base 2, what is -10011 + 110?
-1101
In base 8, what is -13 + 1173?
1160
In base 4, what is 2 + -21031?
-21023
In base 16, what is 11 - 7?
a
In base 7, what is 0 - -263?
263
In base 7, what is 20 + -3364?
-3344
In base 2, what is 1001011 + 110?
1010001
In base 4, what is 0 + -11?
-11
In base 7, what is -44 - -56?
12
In base 8, what is 2 - -1630?
1632
In base 8, what is 4 + 23?
27
In base 3, what is 1210001 + 0?
1210001
In base 7, what is -140 - -1?
-136
In base 4, what is -21 + 0?
-21
In base 3, what is 10 - -1?
11
In base 11, what is 2a + -9?
21
In base 10, what is -42 + -3?
-45
In base 3, what is 0 - -101111?
101111
In base 8, what is 2442 - -3?
2445
In base 3, what is 0 + -120?
-120
In base 9, what is -3 + -2?
-5
In base 14, what is 7 - 6?
1
In base 6, what is 430 + 11?
441
In base 10, what is -10 + -2?
-12
In base 10, what is -1864 + 2?
-1862
In base 14, what is -4a0 + 4?
-49a
In base 9, what is 60 - -7?
67
In base 15, what is -19b1 + 5?
-19ab
In base 2, what is 1011100111011 + -11?
1011100111000
In base 13, what is c92b + -2?